{"id":30496,"date":"2025-07-13T10:59:36","date_gmt":"2025-07-13T08:59:36","guid":{"rendered":"https:\/\/all.myrealestate.io\/property\/appartement-au-rez-de-chaussee-avec-petit-jardin\/"},"modified":"2025-07-13T16:12:40","modified_gmt":"2025-07-13T14:12:40","slug":"appartement-au-rez-de-chaussee-avec-petit-jardin","status":"publish","type":"property","link":"https:\/\/all.myrealestate.io\/fr\/property\/appartement-au-rez-de-chaussee-avec-petit-jardin\/","title":{"rendered":"Appartement au rez-de-chauss\u00e9e avec petit jardin"},"content":{"rendered":"\n<p>Appartement de 3 pi\u00e8ces au rez-de-chauss\u00e9e avec :<\/p>\n\n<p>petit jardin, chambre \u00e0 coucher, salle de s\u00e9jour, cuisine \u00e9quip\u00e9e avec four, r\u00e9frig\u00e9rateur, \u00e9vier, plaque vitroc\u00e9ramique, salle de bains avec WC et douche. Lave-linge et s\u00e8che-linge inclus. <\/p>\n\n<p>Situation id\u00e9ale au centre d&#8217;un agr\u00e9able village des Franches-Montagnes et \u00e0 proximit\u00e9 de toutes les commodit\u00e9s accessibles \u00e0 pied : restaurants, kebab, bar, centre de fitness, kiosque, magasins, gare, arr\u00eat de bus, banque, poste, station-service, etc. <\/p>\n","protected":false},"excerpt":{"rendered":"<p>Appartement de 3 pi\u00e8ces au rez-de-chauss\u00e9e avec : petit jardin, chambre \u00e0 coucher, salle de s\u00e9jour, cuisine \u00e9quip\u00e9e avec four, r\u00e9frig\u00e9rateur, \u00e9vier, plaque vitroc\u00e9ramique, salle de bains avec WC et douche. Lave-linge et s\u00e8che-linge inclus. Situation id\u00e9ale au centre d&#8217;un agr\u00e9able village des Franches-Montagnes et \u00e0 proximit\u00e9 de toutes les commodit\u00e9s accessibles \u00e0 pied : [&hellip;]<\/p>\n","protected":false},"author":1,"featured_media":0,"parent":0,"menu_order":0,"template":"","property_type":[20878],"property_status":[20877],"property_feature":[],"property_label":[],"property_country":[20875],"property_state":[20876],"property_city":[],"class_list":["post-30496","property","type-property","status-publish","hentry","property_type-appartement","property_status-a-louer","property_country-suisse","property_state-jura-fr"],"property_meta":{"fave_featured":["1"],"houzez_featured_listing_date":["2025-07-13 16:12:39"],"fave_property_images":["30372","30384","30390","30396","30408","30420","30426","30444","30462","30468"],"fave_agent_display_option":["agent_info"],"fave_agents":["156"],"fave_single_top_area":["v1"],"_top_nav_excluded":[""],"_cms_nav_minihome":[""],"fave_property_price":["700"],"fave_property_price_postfix":["Mensuel"],"fave_property_size":["45"],"fave_property_size_prefix":["M"],"fave_property_bedrooms":["1"],"fave_property_bathrooms":["1"],"fave_property_id":["CH-2345-GR3-VY"],"fave_property_map":["1"],"fave_property_map_address":["3, Grand'Rue, Esserts, Les Breuleux, District des Franches-Montagnes, Jura, 2345, Schweiz\/Suisse\/Svizzera\/Svizra"],"fave_property_location":["47.2121537,7.0047893,16"],"houzez_geolocation_lat":["47.2121537"],"houzez_geolocation_long":["7.0047893"],"fave_property_map_street_view":["cacher"],"fave_property_address":["Grand-Rue 3"],"fave_property_zip":["2345"],"fave_prop_homeslider":["no"],"fave_property_rooms":["3"],"_last_translation_edit_mode":["translation-editor"],"_wpml_word_count":["97"],"houzez_total_property_views":["196"],"houzez_views_by_date":["a:61:{s:10:\"12-25-2025\";i:1;s:10:\"12-27-2025\";i:1;s:10:\"12-28-2025\";i:2;s:10:\"12-30-2025\";i:1;s:10:\"01-01-2026\";i:1;s:10:\"01-04-2026\";i:1;s:10:\"01-06-2026\";i:1;s:10:\"01-09-2026\";i:1;s:10:\"01-14-2026\";i:1;s:10:\"01-17-2026\";i:2;s:10:\"01-22-2026\";i:1;s:10:\"01-27-2026\";i:2;s:10:\"02-07-2026\";i:2;s:10:\"02-16-2026\";i:1;s:10:\"02-17-2026\";i:1;s:10:\"02-21-2026\";i:2;s:10:\"02-26-2026\";i:1;s:10:\"02-27-2026\";i:1;s:10:\"03-11-2026\";i:1;s:10:\"03-13-2026\";i:2;s:10:\"03-15-2026\";i:4;s:10:\"03-17-2026\";i:1;s:10:\"03-18-2026\";i:2;s:10:\"03-19-2026\";i:1;s:10:\"03-20-2026\";i:3;s:10:\"03-21-2026\";i:1;s:10:\"03-22-2026\";i:2;s:10:\"03-23-2026\";i:1;s:10:\"03-24-2026\";i:2;s:10:\"03-26-2026\";i:1;s:10:\"03-27-2026\";i:1;s:10:\"03-28-2026\";i:1;s:10:\"03-29-2026\";i:1;s:10:\"03-30-2026\";i:1;s:10:\"03-31-2026\";i:2;s:10:\"04-02-2026\";i:2;s:10:\"04-04-2026\";i:2;s:10:\"04-05-2026\";i:2;s:10:\"04-07-2026\";i:1;s:10:\"04-08-2026\";i:2;s:10:\"04-09-2026\";i:3;s:10:\"04-11-2026\";i:1;s:10:\"04-12-2026\";i:2;s:10:\"04-13-2026\";i:1;s:10:\"04-15-2026\";i:1;s:10:\"04-16-2026\";i:1;s:10:\"04-17-2026\";i:1;s:10:\"04-18-2026\";i:2;s:10:\"04-19-2026\";i:1;s:10:\"04-20-2026\";i:2;s:10:\"04-21-2026\";i:2;s:10:\"04-22-2026\";i:1;s:10:\"04-23-2026\";i:2;s:10:\"04-24-2026\";i:2;s:10:\"04-25-2026\";i:1;s:10:\"04-26-2026\";i:1;s:10:\"04-27-2026\";i:1;s:10:\"04-28-2026\";i:2;s:10:\"04-29-2026\";i:2;s:10:\"04-30-2026\";i:2;s:10:\"05-01-2026\";i:1;}"],"houzez_recently_viewed":["2026-05-01 10:48:18"],"_elementor_page_assets":["a:0:{}"]},"_links":{"self":[{"href":"https:\/\/all.myrealestate.io\/fr\/wp-json\/wp\/v2\/properties\/30496","targetHints":{"allow":["GET"]}}],"collection":[{"href":"https:\/\/all.myrealestate.io\/fr\/wp-json\/wp\/v2\/properties"}],"about":[{"href":"https:\/\/all.myrealestate.io\/fr\/wp-json\/wp\/v2\/types\/property"}],"author":[{"embeddable":true,"href":"https:\/\/all.myrealestate.io\/fr\/wp-json\/wp\/v2\/users\/1"}],"version-history":[{"count":1,"href":"https:\/\/all.myrealestate.io\/fr\/wp-json\/wp\/v2\/properties\/30496\/revisions"}],"predecessor-version":[{"id":30497,"href":"https:\/\/all.myrealestate.io\/fr\/wp-json\/wp\/v2\/properties\/30496\/revisions\/30497"}],"wp:attachment":[{"href":"https:\/\/all.myrealestate.io\/fr\/wp-json\/wp\/v2\/media?parent=30496"}],"wp:term":[{"taxonomy":"property_type","embeddable":true,"href":"https:\/\/all.myrealestate.io\/fr\/wp-json\/wp\/v2\/property_type?post=30496"},{"taxonomy":"property_status","embeddable":true,"href":"https:\/\/all.myrealestate.io\/fr\/wp-json\/wp\/v2\/property_status?post=30496"},{"taxonomy":"property_feature","embeddable":true,"href":"https:\/\/all.myrealestate.io\/fr\/wp-json\/wp\/v2\/property_feature?post=30496"},{"taxonomy":"property_label","embeddable":true,"href":"https:\/\/all.myrealestate.io\/fr\/wp-json\/wp\/v2\/property_label?post=30496"},{"taxonomy":"property_country","embeddable":true,"href":"https:\/\/all.myrealestate.io\/fr\/wp-json\/wp\/v2\/property_country?post=30496"},{"taxonomy":"property_state","embeddable":true,"href":"https:\/\/all.myrealestate.io\/fr\/wp-json\/wp\/v2\/property_state?post=30496"},{"taxonomy":"property_city","embeddable":true,"href":"https:\/\/all.myrealestate.io\/fr\/wp-json\/wp\/v2\/property_city?post=30496"}],"curies":[{"name":"wp","href":"https:\/\/api.w.org\/{rel}","templated":true}]}}

Appartement au rez-de-chaussée avec petit jardin

<p>Appartement de 3 pièces au rez-de-chaussée avec :</p>

<p>petit jardin, chambre à coucher, salle de séjour, cuisine équipée avec four, réfrigérateur, évier, plaque vitrocéramique, salle de bains avec WC et douche. Lave-linge et sèche-linge inclus. </p>

<p>Situation idéale au centre d&#8217;un agréable village des Franches-Montagnes et à proximité de toutes les commodités accessibles à pied : restaurants, kebab, bar, centre de fitness, kiosque, magasins, gare, arrêt de bus, banque, poste, station-service, etc. </p>

<p>Appartement de 3 pièces au rez-de-chaussée avec : petit jardin, chambre à coucher, salle de séjour, cuisine équipée avec four, réfrigérateur, évier, plaque vitrocéramique, salle de bains avec WC et douche. Lave-linge et sèche-linge inclus. Situation idéale au centre d&#8217;un agréable village des Franches-Montagnes et à proximité de toutes les commodités accessibles à pied : [&hellip;]</p>
